{"id":970,"date":"2025-07-01T12:03:56","date_gmt":"2025-07-01T15:03:56","guid":{"rendered":"https:\/\/www.encontrohumanistico.ufma.br\/2023\/?page_id=970"},"modified":"2025-07-01T12:07:16","modified_gmt":"2025-07-01T15:07:16","slug":"ebook-ciencias-artes-e-humanidades","status":"publish","type":"page","link":"https:\/\/www.encontrohumanistico.ufma.br\/2023\/","title":{"rendered":"Ebook Ci\u00eancias, Artes e Humanidades"},"content":{"rendered":"\n<div class=\"_3d-flip-book  fb3d-fullscreen-mode full-size\" data-id=\"968\" data-mode=\"fullscreen\" data-title=\"false\" data-template=\"short-white-book-view\" data-lightbox=\"dark-shadow\" data-urlparam=\"fb3d-page\" data-page-n=\"0\" data-pdf=\"\" data-tax=\"null\" data-thumbnail=\"\" data-cols=\"3\" data-book-template=\"default\" data-trigger=\"\"><\/div><script type=\"text\/javascript\">window.FB3D_CLIENT_DATA = window.FB3D_CLIENT_DATA || [];FB3D_CLIENT_DATA.push('eyJwb3N0cyI6eyI5NjgiOnsiSUQiOjk2OCwidGl0bGUiOiJFYm9vayBDaVx1MDBlYW5jaWFzLCBBcnRlcyBlIEh1bWFuaWRhZGVzIiwidHlwZSI6InBkZiIsInJlYWR5X2Z1bmN0aW9uIjoiIiwiYm9va19zdHlsZSI6ImZsYXQiLCJib29rX3RlbXBsYXRlIjoibm9uZSIsIm91dGxpbmUiOltdLCJkYXRhIjp7InBvc3RfSUQiOiI5NjkiLCJndWlkIjoiaHR0cHM6XC9cL3d3dy5lbmNvbnRyb2h1bWFuaXN0aWNvLnVmbWEuYnJcLzIwMjNcL3dwLWNvbnRlbnRcL3VwbG9hZHNcLzIwMjVcLzA3XC9FYm9vay1DaWVuY2lhcy1hcnRlcy1lLWh1bWFuaWRhZGVzLnBkZiIsInBkZl9wYWdlcyI6IjM4OTYiLCJwYWdlc19jdXN0b21pemF0aW9uIjoibm9uZSJ9LCJ0aHVtYm5haWwiOnsiZGF0YSI6eyJwb3N0X0lEIjoiMCJ9LCJ0eXBlIjoiYXV0byJ9LCJwcm9wcyI6eyJiYWNrZ3JvdW5kQ29sb3IiOiJhdXRvIiwiYmFja2dyb3VuZEltYWdlIjoiYXV0byIsImJhY2tncm91bmRTdHlsZSI6ImF1dG8iLCJoaWdobGlnaHRMaW5rcyI6ImF1dG8iLCJsaWdodGluZyI6ImF1dG8iLCJzaW5nbGVQYWdlTW9kZSI6ImF1dG8iLCJjYWNoZWRQYWdlcyI6ImF1dG8iLCJyZW5kZXJJbmFjdGl2ZVBhZ2VzIjoiYXV0byIsInJlbmRlckluYWN0aXZlUGFnZXNPbk1vYmlsZSI6ImF1dG8iLCJyZW5kZXJXaGlsZUZsaXBwaW5nIjoiYXV0byIsInByZWxvYWRQYWdlcyI6ImF1dG8iLCJhdXRvUGxheUR1cmF0aW9uIjoiYXV0byIsInJ0bCI6ImF1dG8iLCJpbnRlcmFjdGl2ZUNvcm5lcnMiOiJhdXRvIiwibWF4RGVwdGgiOiJhdXRvIiwic2hlZXQiOnsic3RhcnRWZWxvY2l0eSI6ImF1dG8iLCJ3YXZlIjoiYXV0byIsInNoYXBlIjoiYXV0byIsIndpZHRoVGV4ZWxzIjoiYXV0byIsImNvbG9yIjoiYXV0byIsInNpZGUiOiJhdXRvIiwic3RyZXRjaEltYWdlcyI6ImF1dG8iLCJjb3JuZXJEZXZpYXRpb24iOiJhdXRvIiwiZmxleGliaWxpdHkiOiJhdXRvIiwiZmxleGlibGVDb3JuZXIiOiJhdXRvIiwiYmVuZGluZyI6ImF1dG8iLCJoZWlnaHRUZXhlbHMiOiJhdXRvIn0sImNvdmVyIjp7IndhdmUiOiJhdXRvIiwiY29sb3IiOiJhdXRvIiwic2lkZSI6ImF1dG8iLCJzdHJldGNoSW1hZ2VzIjoiYXV0byIsImJpbmRlclRleHR1cmUiOiJhdXRvIiwiZGVwdGgiOiJhdXRvIiwicGFkZGluZyI6ImF1dG8iLCJzdGFydFZlbG9jaXR5IjoiYXV0byIsImZsZXhpYmlsaXR5IjoiYXV0byIsImZsZXhpYmxlQ29ybmVyIjoiYXV0byIsImJlbmRpbmciOiJhdXRvIiwid2lkdGhUZXhlbHMiOiJhdXRvIiwiaGVpZ2h0VGV4ZWxzIjoiYXV0byIsIm1hc3MiOiJhdXRvIiwic2hhcGUiOiJhdXRvIn0sInBhZ2UiOnsid2F2ZSI6ImF1dG8iLCJjb2xvciI6ImF1dG8iLCJzaWRlIjoiYXV0byIsInN0cmV0Y2hJbWFnZXMiOiJhdXRvIiwiZGVwdGgiOiJhdXRvIiwic3RhcnRWZWxvY2l0eSI6ImF1dG8iLCJmbGV4aWJpbGl0eSI6ImF1dG8iLCJmbGV4aWJsZUNvcm5lciI6ImF1dG8iLCJiZW5kaW5nIjoiYXV0byIsIndpZHRoVGV4ZWxzIjoiYXV0byIsImhlaWdodFRleGVscyI6ImF1dG8iLCJtYXNzIjoiYXV0byIsInNoYXBlIjoiYXV0byJ9LCJoZWlnaHQiOiJhdXRvIiwid2lkdGgiOiJhdXRvIiwiZ3Jhdml0eSI6ImF1dG8iLCJwYWdlc0ZvclByZWRpY3RpbmciOiJhdXRvIn0sImNvbnRyb2xQcm9wcyI6eyJhY3Rpb25zIjp7ImNtZFRvYyI6eyJlbmFibGVkIjoiYXV0byIsImVuYWJsZWRJbk5hcnJvdyI6ImF1dG8iLCJhY3RpdmUiOiJhdXRvIiwiZGVmYXVsdFRhYiI6ImF1dG8ifSwiY21kQXV0b1BsYXkiOnsiZW5hYmxlZCI6ImF1dG8iLCJlbmFibGVkSW5OYXJyb3ciOiJhdXRvIiwiYWN0aXZlIjoiYXV0byJ9LCJjbWRTYXZlIjp7ImVuYWJsZWQiOiJhdXRvIiwiZW5hYmxlZEluTmFycm93IjoiYXV0byJ9LCJjbWRQcmludCI6eyJlbmFibGVkIjoiYXV0byIsImVuYWJsZWRJbk5hcnJvdyI6ImF1dG8ifSwiY21kU2luZ2xlUGFnZSI6eyJlbmFibGVkIjoiYXV0byIsImVuYWJsZWRJbk5hcnJvdyI6ImF1dG8iLCJhY3RpdmUiOiJhdXRvIiwiYWN0aXZlRm9yTW9iaWxlIjoiYXV0byJ9LCJ3aWRUb29sYmFyIjp7ImVuYWJsZWQiOiJhdXRvIiwiZW5hYmxlZEluTmFycm93IjoiYXV0byJ9fX0sImF1dG9UaHVtYm5haWwiOiJodHRwczpcL1wvd3d3LmVuY29udHJvaHVtYW5pc3RpY28udWZtYS5iclwvMjAyM1wvd3AtY29udGVudFwvdXBsb2Fkc1wvM2QtZmxpcC1ib29rXC9hdXRvLXRodW1ibmFpbHNcLzk2OC5wbmciLCJwb3N0X25hbWUiOiJlYm9vay1jaWVuY2lhcy1hcnRlcy1lLWh1bWFuaWRhZGVzLTIiLCJwb3N0X3R5cGUiOiIzZC1mbGlwLWJvb2sifX0sInBhZ2VzIjpbXSwiZmlyc3RQYWdlcyI6W119');window.FB3D_CLIENT_LOCALE && FB3D_CLIENT_LOCALE.render && FB3D_CLIENT_LOCALE.render();<\/script>\n\n\n\n<div class=\"wp-block-buttons is-content-justification-center is-layout-flex wp-container-core-buttons-is-layout-16018d1d wp-block-buttons-is-layout-flex\">\n<div class=\"wp-block-button\"><a class=\"wp-block-button__link has-white-color has-text-color has-background has-link-color wp-element-button\" href=\"https:\/\/www.encontrohumanistico.ufma.br\/2023\/wp-content\/uploads\/2025\/07\/Ebook-Ciencias-artes-e-humanidades.pdf\" style=\"border-radius:10px;background:linear-gradient(135deg,rgb(0,0,0) 0%,rgb(53,51,205) 100%)\" target=\"_blank\" rel=\"noreferrer noopener\">Baixar Ebook<\/a><\/div>\n<\/div>\n\n\n\n<p><\/p>\n","protected":false},"excerpt":{"rendered":"","protected":false},"author":1,"featured_media":0,"parent":0,"menu_order":0,"comment_status":"closed","ping_status":"closed","template":"","meta":{"footnotes":""},"class_list":["post-970","page","type-page","status-publish","hentry"],"yoast_head":"<!-- This site is optimized with the Yoast SEO Premium plugin v23.2 (Yoast SEO v23.2) - https:\/\/yoast.com\/wordpress\/plugins\/seo\/ -->\n<title>Ebook Ci\u00eancias, Artes e Humanidades - XVII Encontro Human\u00edstico da UFMA<\/title>\n<meta name=\"robots\" content=\"index, follow, max-snippet:-1, max-image-preview:large, max-video-preview:-1\" \/>\n<link rel=\"canonical\" href=\"https:\/\/www.encontrohumanistico.ufma.br\/2023\/\" \/>\n<meta property=\"og:locale\" content=\"pt_BR\" \/>\n<meta property=\"og:type\" content=\"article\" \/>\n<meta property=\"og:title\" content=\"Ebook Ci\u00eancias, Artes e Humanidades\" \/>\n<meta property=\"og:url\" content=\"https:\/\/www.encontrohumanistico.ufma.br\/2023\/\" \/>\n<meta property=\"og:site_name\" content=\"XVII Encontro Human\u00edstico da UFMA\" \/>\n<meta property=\"article:modified_time\" content=\"2025-07-01T15:07:16+00:00\" \/>\n<meta name=\"twitter:card\" content=\"summary_large_image\" \/>\n<meta name=\"twitter:label1\" content=\"Est. tempo de leitura\" \/>\n\t<meta name=\"twitter:data1\" content=\"1 minuto\" \/>\n<script type=\"application\/ld+json\" class=\"yoast-schema-graph\">{\"@context\":\"https:\/\/schema.org\",\"@graph\":[{\"@type\":\"WebPage\",\"@id\":\"https:\/\/www.encontrohumanistico.ufma.br\/2023\/\",\"url\":\"https:\/\/www.encontrohumanistico.ufma.br\/2023\/\",\"name\":\"Ebook Ci\u00eancias, Artes e Humanidades - XVII Encontro Human\u00edstico da UFMA\",\"isPartOf\":{\"@id\":\"https:\/\/www.encontrohumanistico.ufma.br\/2023\/#website\"},\"datePublished\":\"2025-07-01T15:03:56+00:00\",\"dateModified\":\"2025-07-01T15:07:16+00:00\",\"breadcrumb\":{\"@id\":\"https:\/\/www.encontrohumanistico.ufma.br\/2023\/#breadcrumb\"},\"inLanguage\":\"pt-BR\",\"potentialAction\":[{\"@type\":\"ReadAction\",\"target\":[\"https:\/\/www.encontrohumanistico.ufma.br\/2023\/\"]}]},{\"@type\":\"BreadcrumbList\",\"@id\":\"https:\/\/www.encontrohumanistico.ufma.br\/2023\/#breadcrumb\",\"itemListElement\":[{\"@type\":\"ListItem\",\"position\":1,\"name\":\"In\u00edcio\",\"item\":\"https:\/\/www.encontrohumanistico.ufma.br\/2023\/\"},{\"@type\":\"ListItem\",\"position\":2,\"name\":\"Ebook Ci\u00eancias, Artes e Humanidades\"}]},{\"@type\":\"WebSite\",\"@id\":\"https:\/\/www.encontrohumanistico.ufma.br\/2023\/#website\",\"url\":\"https:\/\/www.encontrohumanistico.ufma.br\/2023\/\",\"name\":\"XVII Encontro Human\u00edstico da UFMA\",\"description\":\"N\u00facleo de Humanidades do Centro de Ci\u00eancias Humanas\",\"potentialAction\":[{\"@type\":\"SearchAction\",\"target\":{\"@type\":\"EntryPoint\",\"urlTemplate\":\"https:\/\/www.encontrohumanistico.ufma.br\/2023\/?s={search_term_string}\"},\"query-input\":\"required name=search_term_string\"}],\"inLanguage\":\"pt-BR\"}]}<\/script>\n<!-- \/ Yoast SEO Premium plugin. -->","yoast_head_json":{"title":"Ebook Ci\u00eancias, Artes e Humanidades - XVII Encontro Human\u00edstico da UFMA","robots":{"index":"index","follow":"follow","max-snippet":"max-snippet:-1","max-image-preview":"max-image-preview:large","max-video-preview":"max-video-preview:-1"},"canonical":"https:\/\/www.encontrohumanistico.ufma.br\/2023\/","og_locale":"pt_BR","og_type":"article","og_title":"Ebook Ci\u00eancias, Artes e Humanidades","og_url":"https:\/\/www.encontrohumanistico.ufma.br\/2023\/","og_site_name":"XVII Encontro Human\u00edstico da UFMA","article_modified_time":"2025-07-01T15:07:16+00:00","twitter_card":"summary_large_image","twitter_misc":{"Est. tempo de leitura":"1 minuto"},"schema":{"@context":"https:\/\/schema.org","@graph":[{"@type":"WebPage","@id":"https:\/\/www.encontrohumanistico.ufma.br\/2023\/","url":"https:\/\/www.encontrohumanistico.ufma.br\/2023\/","name":"Ebook Ci\u00eancias, Artes e Humanidades - XVII Encontro Human\u00edstico da UFMA","isPartOf":{"@id":"https:\/\/www.encontrohumanistico.ufma.br\/2023\/#website"},"datePublished":"2025-07-01T15:03:56+00:00","dateModified":"2025-07-01T15:07:16+00:00","breadcrumb":{"@id":"https:\/\/www.encontrohumanistico.ufma.br\/2023\/#breadcrumb"},"inLanguage":"pt-BR","potentialAction":[{"@type":"ReadAction","target":["https:\/\/www.encontrohumanistico.ufma.br\/2023\/"]}]},{"@type":"BreadcrumbList","@id":"https:\/\/www.encontrohumanistico.ufma.br\/2023\/#breadcrumb","itemListElement":[{"@type":"ListItem","position":1,"name":"In\u00edcio","item":"https:\/\/www.encontrohumanistico.ufma.br\/2023\/"},{"@type":"ListItem","position":2,"name":"Ebook Ci\u00eancias, Artes e Humanidades"}]},{"@type":"WebSite","@id":"https:\/\/www.encontrohumanistico.ufma.br\/2023\/#website","url":"https:\/\/www.encontrohumanistico.ufma.br\/2023\/","name":"XVII Encontro Human\u00edstico da UFMA","description":"N\u00facleo de Humanidades do Centro de Ci\u00eancias Humanas","potentialAction":[{"@type":"SearchAction","target":{"@type":"EntryPoint","urlTemplate":"https:\/\/www.encontrohumanistico.ufma.br\/2023\/?s={search_term_string}"},"query-input":"required name=search_term_string"}],"inLanguage":"pt-BR"}]}},"_links":{"self":[{"href":"https:\/\/www.encontrohumanistico.ufma.br\/2023\/wp-json\/wp\/v2\/pages\/970","targetHints":{"allow":["GET"]}}],"collection":[{"href":"https:\/\/www.encontrohumanistico.ufma.br\/2023\/wp-json\/wp\/v2\/pages"}],"about":[{"href":"https:\/\/www.encontrohumanistico.ufma.br\/2023\/wp-json\/wp\/v2\/types\/page"}],"author":[{"embeddable":true,"href":"https:\/\/www.encontrohumanistico.ufma.br\/2023\/wp-json\/wp\/v2\/users\/1"}],"replies":[{"embeddable":true,"href":"https:\/\/www.encontrohumanistico.ufma.br\/2023\/wp-json\/wp\/v2\/comments?post=970"}],"version-history":[{"count":1,"href":"https:\/\/www.encontrohumanistico.ufma.br\/2023\/wp-json\/wp\/v2\/pages\/970\/revisions"}],"predecessor-version":[{"id":971,"href":"https:\/\/www.encontrohumanistico.ufma.br\/2023\/wp-json\/wp\/v2\/pages\/970\/revisions\/971"}],"wp:attachment":[{"href":"https:\/\/www.encontrohumanistico.ufma.br\/2023\/wp-json\/wp\/v2\/media?parent=970"}],"curies":[{"name":"wp","href":"https:\/\/api.w.org\/{rel}","templated":true}]}}